. Let w(p) = 34*f(p) + 6*j(p). Let r(q) = -11*v(q) + 6*w(q). What is r(-1)?
-3
Let y = 5 + -10. Let t(j) = -j**3 - 5*j**2 + 2*j + 5. Calculate t(y).
-5
Suppose -3*x = -2*n, 5*n - 4*x = -2*x + 11. Suppose n*r = r. Let q(p) = p**3 - p + 5. Calculate q(r).
5
Let o(t) = t**2 + 2*t + 3. Let h be o(-3). Let x(f) = -f - 2*f + h*f**3 + 4*f. Suppose -36*r + 13 + 23 = 0. Determine x(r).
7
Let v = 8 - 5. Let i(m) = -3*m + m + 7*m**2 - 3*m - 2*m**2 - m**v. What is i(4)?
-4
Suppose 7*m = 12*m - b - 22, -m + 12 = -4*b. Let w(h) = 2*h**2 - 2*h**2 - 6 - h**2 + 3*h. Calculate w(m).
-10
Let u(x) = -x**3 - 5*x**2 + x + 7. Let v be u(-5). Let n(r) = -3 + r + 5*r**v - r**3 - 2*r + 5. Determine n(5).
-3
Suppose -2*u + 2*u - 11*u = 0. Let h(j) = 5*j - 5*j + j - 7 - j**2. What is h(u)?
-7
Let j(m) = 4*m - 1. Let z(w) = 3*w - 1. Let a(p) = 5*j(p) - 7*z(p). Suppose -5*b - 3*c = -3 - 17, c = -b + 4. Suppose x - b + 2 = 0. What is a(x)?
0
Suppose -4*a + 35 - 3 = 0. Let j(v) = 0*v + a*v**2 - 3*v + 0 - 10*v**2 - 1. Suppose -h - 2 = 3*m, 5*m + 2 = -3*h + 4. Give j(m).
-3
Let y = -7 + 1. Let h = y + 9. Let u(w) = w**3 - 3*w**2 - 2*w + 3. Calculate u(h).
-3
Let k(d) = -d**2 - 3*d. Let t(g) = -g**2. Let q(h) = k(h) + 6*t(h). Calculate q(-2).
-22
Let u(b) be the first derivative of -b**2/2 + 3*b - 1. What is u(-3)?
6
Let c(l) = l**3 + l**2 - l - 2. Let a be (3 - 2)*-1 + -1. Let u be ((0 + 1)*0)/(-1). Let s = a - u. Give c(s).
-4
Let z(o) be the second derivative of o**5/20 - o**4/3 + o**3/2 + 2*o**2 + 9*o. Calculate z(4).
16
Let g be ((-2)/(-3))/(1/(-9)). Let y(w) = w**2 + 3*w - 6. What is y(g)?
12
Let w(b) = -2*b**3 - 7*b**2 + 7*b - 6. Let y(j) = -2*j**3 - 6*j**2 + 6*j - 5. Let q(p) = -6*w(p) + 7*y(p). Let x(v) = 2*v + 13. Let d be x(-7). What is q(d)?
3
Let m(a) = a + 4. Let g(r) = -2. Suppose -3*i + 5 + 1 = 0. Let l(k) = i*m(k) + 5*g(k). What is l(-2)?
-6
Suppose 2*r - 24 = 4*s, 2*r = -4*s - 6 - 10. Let t(u) = u**3 - 2*u - 4*u**r - 1 + u + 3*u. What is t(3)?
-4
Suppose -3*d + 2*d = 0. Suppose d = 5*a - 4*a - 5. Let x(z) = 1 - 6 + 1 + 6*z**2 - z**3 - 5*z. Give x(a).
-4
Let a(n) = -2*n - n + n**2 + n - 7 - 4*n. What is a(7)?
0
Let v(m) be the third derivative of -m**6/120 - m**5/12 + m**4/24 - 2*m**3/3 + 4*m**2. Give v(-5).
-9
Let h(x) be the second derivative of 2*x + 1/3*x**3 + 1/4*x**4 + 0*x**2 - 1/20*x**5 + 0. Determine h(3).
6
Let r(x) be the third derivative of x**6/120 - 2*x**5/15 + x**4/4 + x**3/6 + 46*x**2. Determine r(7).
-6
Let c(i) = -i**3 - i - 13. Suppose -7*d = -10*d. Give c(d).
-13
Let m(k) = -3*k**2 - 9 + 8*k + 4*k**2 - 5. What is m(-10)?
6
Let b(m) be the second derivative of m**5/20 + m**4/3 - m**3/2 + 3*m**2/2 - 2*m. Suppose 4*v = 7*v + 15. Give b(v).
-7
Suppose -4*t + 28 = 4*y, 9*y - 5*t + 19 = 6*y. Let m(s) = 4*s - 2. Determine m(y).
6
Suppose 5*m + 4*j + 6 = 7*m, 4*m + 2*j - 22 = 0. Let c(s) = -2*s - 7. Determine c(m).
-17
Suppose 0*g = -g - 1, g + 13 = 4*s. Let w(u) = u - 5. Let d be w(6). Let x(n) = -d - 2*n**2 - 2 + n**3 + n - 2*n**2. Determine x(s).
-9
Let w = 0 - 2. Let m(c) = -4 + c**2 - c**3 + 2 - 2*c**2 + 0*c**3 - c. Determine m(w).
4
Let n(t) = -t**2 - 4*t + 5. Let d be (-5)/(-35) - 72/14. Calculate n(d).
0
Suppose 1 = 3*v - 5*d - 12, -4*v - d = -48. Let n = -16 + v. Let f(h) = h**3 + 6*h**2 + 5*h + 4. Calculate f(n).
4
Let x(b) = 5*b**3 + b**2 - 3*b**2 + 6*b - 4*b**3 - 3*b. Let d be 4/20 - 9/(-5). Give x(d).
6
Suppose -5 = 3*f - 17. Let x(a) = a**2 - 4*a + 1. Let n be x(f). Let g(k) = -k**3 + 2*k**2 - k. Calculate g(n).
0
Let z(a) = a**3 + 6. Let b(p) = -p**3 + p**2 + p - 7. Let n(g) = 3*b(g) + 4*z(g). Let f be n(-3). Let o(w) = w**2 + 7*w + 3. Give o(f).
-3
Let a = -23 + 12. Let q(c) = -c**3 - 12*c**2 - 10*c + 15. Give q(a).
4
Suppose 3*w + 2*w = 0. Let a(c) = c + 3. Let y be a(-4). Let u be 4 + (y + 0)*w. Let m(o) = -o**2 + 5*o - 3. Calculate m(u).
1
Let h(y) = 2*y**3 - 4*y**2 + y + 2. Suppose 4*r = -0*r + 8. Let v be h(r). Let j(p) = -4 - 4*p - p + 0*p + v*p. Determine j(-3).
-1
Let x(f) = f**3 - 2*f**2 + 3*f. Suppose 2 + 4 = 3*c. Let n be 40/16 - c/4. What is x(n)?
6
Let n(m) = 7*m + 8. Let d(g) = 11*g + 12. Let u(a) = 5*d(a) - 8*n(a). Calculate u(0).
-4
Let g(v) = -v**2 + 5*v - 4. Let k(p) = -3*p. Let h(r) = 7*r. Let q(m) = 2*h(m) + 5*k(m). Let z(j) = -g(j) - q(j). Let u be 0/1 + 18/6. Determine z(u).
1
Suppose 0 = 4*j - 5*j + 10. Let z(p) = 2*p**2 - p**2 + j - 6 + 6*p. Give z(-6).
4
Suppose -4*v + 4 = -0. Let n(w) be the second derivative of -11*w**4/12 + w**3/6 + 4*w. Determine n(v).
-10
Let f(v) = -6*v**3 + 30*v**2 + 36*v + 11. Let p(a) = a**3 - 6*a**2 - 7*a - 2. Let w(n) = 2*f(n) + 11*p(n). Give w(-4).
-12
Let k be 12/(-3)*5/10. Let g(t) = 6*t + 3. Give g(k).
-9
Let x be -2*3/6*3. Let d(m) = m. Let h(p) = 3*p - 1. Let n(r) = 6*d(r) - h(r). Determine n(x).
-8
Suppose p + 3*p - 28 = 0. Let s = p + -5. Let c(z) = -2*z**3 + z**2 - 2*z + 1. Let n(a) = a**3 + a**2 - a + 1. Let u(y) = c(y) + n(y). Determine u(s).
-4
Let g(i) = 10*i + 7. Let d(l) = -7*l - 6. Let r(k) = 3*d(k) + 2*g(k). Suppose -f + 10 = f. Calculate r(f).
-9
Let u(z) = z**2 - z - 1. Let j(m) = 5*m**2 + 3*m + 2. Let n(k) = j(k) + u(k). What is n(-1)?
5
Let l = -24 + 20. Let n(f) = 2*f**2 + 5*f - 4. Calculate n(l).
8
Let u(n) be the first derivative of n**3/3 - n**2 - n - 50. Give u(3).
2
Let r(w) = w**3 + 6*w**2 + 4*w - 5. Suppose -4 = 3*c - 5*c. Let p be (c/(-4))/(2/20). Let i be r(p). Let a(b) = -b**3 - b**2 - b + 4. Calculate a(i).
4
Let v(z) = 6 + z + 1 - 5 + 2. Calculate v(5).
9
Let n(j) = j**3 - 3*j**2 - 3*j - 3. Let s be n(4). Let q be s/(((-2)/(-2))/1). Let y(m) = 5*m**2 + m - 1. What is y(q)?
5
Let v(u) = -u**2 - 3*u + 4. Let m = -2 - 1. Let g(i) = 2*i**2 + 4*i - 4. Let t(o) = m*v(o) - 2*g(o). Let q(z) = z - 7. Let x be q(7). Give t(x).
-4
Let d(s) be the first derivative of s**6/360 - s**5/30 - s**4/24 + 2*s**3/3 - 2. Let y(l) be the third derivative of d(l). Suppose 0*v = v - 5. What is y(v)?
4
Let g(p) = -p**2 - p + 3. Let l = 45 + -48. Calculate g(l).
-3
Suppose -3*q - 21 = -2*i + 2*q, 0 = -3*q - 15. Let t(k) = -4*k**2 - k. What is t(i)?
-14
Let y(s) = s**2 - 7*s**2 + 5*s**2 - 7*s**2 - 1. Let b be 2/(2 - (-1 + 1)). Determine y(b).
-9
Let p(t) = t - 8. Suppose 6*v + 3 = 2*w + 3*v, -33 = 3*w + 3*v. What is p(w)?
-14
Let h(q) be the first derivative of q**2/2 - 4*q - 2. Let f(o) = 2*o. Suppose 0 = -l - 2 + 3. Let v be f(l). Determine h(v).
-2
Let h(d) = 7*d**2 - 23*d + 21. Let m(f) = 10*f**2 - 34*f + 31. Let a(n) = 7*h(n) - 5*m(n). What is a(9)?
-8
Let g = -13 + 16. Let r(w) = -g - 12*w + 0*w**2 - 3*w**2 + 6*w + 2*w**2. Calculate r(-6).
-3
Suppose -y - r = -0*y + 8, 5*y + 20 = 5*r. Let g(n) = -n - 7. Give g(y).
-1
Let c = -6 - 6. Let m = 17 + c. Let z(u) = u. Let a(j) = 3*j - 6. Let l(r) = a(r) - 4*z(r). What is l(m)?
-11
Let l(i) = i + 3. Suppose -y + 4*y - 15 = 0. Suppose 2*p - 6*p + c = 0, y*p - 3*c - 7 = 0. Let u be -1 + (0/3 - p). Give l(u).
3
Suppose 2 = 5*r - 4*r. Let f(k) = -7 + k**r + 4 - k + 1. What is f(0)?
-2
Let l = 16 + -11. Let b(z) be the second derivative of 3*z**2 - z**3 + 6*z + 1/12*z**4 + 0. What is b(l)?
1
Suppose -7*b = -11*b. Let h(r) = -r**2 - 5. Give h(b).
-5
Let s(z) = -3*z + 5. Let q(m) = -10*m + 15. Let a(p) = -2*q(p) + 7*s(p). Determine a(0).
5
Let j(t) = t**3 + 2*t**2 + t + 3. Let c(v) = 13*v**2 + v - 1. Let o be c(1). Let i = 10 - o. What is j(i)?
-9
Let l(s) = 4 - 2 + 5*s - 3*s. Let k(v) = -2*v - 2. Let y(o) = 2*k(o) + 3*l(o). Determine y(2).
6
Let b(n) = 14*n**3 - n**2 - 5*n - 2. Let j(a) = -7*a**3 + 2*a + 1. Suppose -2*c - 4 = -0*c. Let s(p) = c*b(p) - 5*j(p). Let k = -3 - -2. What is s(k)?
-6
Let m(d) = d**3 - d**2 - d. Suppose 7*h - 16 = 3*h, g + 2*h - 10 = 0. Calculate m(g).
2
Let h(c) = 14*c - 5. Let q(b) = 7*b - 3. Let r(n) = 4*h(n) - 7*q(n). Determine r(1).
8
Let b(l) = 3*l + 2. Suppose -2*w - 5*j + 33 = 0, -j + 2*j = 4*w - 11. Let g = 6 - w. Calculate b(g).
8
Let f(v) = v + 2. Let n(a) = -6*a - 13. Let p(i) = 39*f(i) + 6*n(i). Let x(j) = -j**3 - j**2 + 2*j + 1. Let m be x(-1). What is p(m)?
-3
Let r = -8 - -14. Let z(c) = 2*c - 7. What is z(r)?
5
Let z(a) = -1 - 5*a - 1 + 1. Let v(x) = -11*x - 3. Let f(s) = 3*v(s) - 7*z(s). Calculate f(3).
4
Let v be 3 + 0 + 0 + -31. Let i be 3 - (-1)/2*-4. Let y be v/6 + i/(-3). Let o(f) 